valuate -2 + 4 - 5 - (-9 - -8).
-2
Calculate -7 + 3 + 5 - 2.
-1
Evaluate 7 + -8 + 0 + 0.
-1
Evaluate -3 + 6 + (2 - -1 - 0).
6
Calculate -4 - (-7 - ((-3 - -4) + 0)).
4
What is the value of -4 + 1 - (-1 - (0 + 0))?
-2
What is the value of 3 - (10 + 5 + -3)?
-9
What is the value of 1 + -1 - (-2 - (0 + 1))?
3
Calculate (-1 - -15) + (-7 - 2).
5
What is the value of 10 + -7 - (-5 - (0 - 0))?
8
Calculate 9 + -7 + 2 - (13 + -3).
-6
Calculate (4 - (-3 + 4)) + 1 + -2.
2
What is the value of -56 + 51 + (0 - (-2 + -2))?
-1
What is (-3 - -2) + (-29 - -25) + -2?
-7
Calculate 0 + 4 + -5 - (1 - 0).
-2
Evaluate 10 + 0 + (120 - 124).
6
What is 3 + 5 + -4 - 2?
2
Calculate -6 - -2 - 0 - -3 - -2.
1
-6 - (-8 + 6 + -11)
7
Calculate -3 - -12 - 7 - -4.
6
What is -3 - (1 + (7 - 6) - 0)?
-5
What is (12 + 1 - (-1 + 6)) + -5?
3
What is 2 - (2 - (-5 - -3))?
-2
What is -3 + (4 - 2 - (2 - 6))?
3
Calculate 5 - (-3 + 11 - -3).
-6
2 - (4 - ((-4 - -1) + 7))
2
Calculate -3 - (-11 + 1 + 9 + -4).
2
What is the value of 2 - (-7 + -3 + 8)?
4
Calculate -4 - (1 + -3 - 2).
0
38 + -38 - (1 - 0)
-1
Evaluate (3 - (5 + (3 - 1))) + 1.
-3
Evaluate (-3 - -4) + (-4 - -3).
0
Evaluate -4 - -9 - (1 - -6).
-2
Calculate (-5 - 10) + 8 - -8.
1
What is -1 - 3 - (-7 + -4 + 10)?
-3
6 + -5 - 4 - -5
2
What is the value of -1 + (-4 + 4 - 4 - -7)?
2
Calculate 4 + (-5 - -4 - 2) + 0.
1
Evaluate 3 - (-3 + 1 + 5).
0
What is -3 + (1 - -3) + 4?
5
Calculate (42 - 37 - (1 + 0)) + -1.
3
-1 + (0 - (0 + -4))
3
Evaluate 5 + -4 + (-2 - (-6 - 0)).
5
-9 + (7 - (13 - 5) - 0)
-10
(-9 - 11) + 9 - -11
0
Evaluate -4 + 1 + 9 + -14 + 8.
0
What is the value of 3 + -1 + (-7 - -9)?
4
Evaluate 3 + 1 - ((7 - -20) + -22).
-1
Calculate -2 - -1 - (60 + -53).
-8
-7 - ((5 - 15 - -7) + -9)
5
Calculate (1 - -1) + (6 - 14) + 4.
-2
What is -4 + 4 + (-7 - -6)?
-1
What is the value of 6 + -11 + 5 + -2?
-2
What is (3 - 6 - -7) + -3?
1
Evaluate -3 + 0 + 1 + (-14 - -10).
-6
Evaluate -1 + 3 - (-3 - -6).
-1
What is 3 - (-4 - (-5 + -1))?
1
Calculate -1 - 3 - -8 - 7.
-3
What is the value of 1 + -3 + 5 + -5?
-2
What is the value of (12 - (3 - 4)) + 4 + -11?
6
Evaluate 1 + 3 - (-4 - -12).
-4
What is the value of -2 - (-5 + 0 - 1)?
4
Calculate (3 - (6 - 2)) + -5 + -2.
-8
-2 - (5 - (4 + 5))
2
What is -14 + 4 - -6 - (-3 + 0)?
-1
Calculate 4 + -16 + 5 + 0.
-7
Calculate 3 + -2 + 0 + 4.
5
6 - 5 - -1 - (8 - 11)
5
What is 8 + (-13 - -2) + (7 - 2)?
2
Evaluate -2 + 2 + 4 + (0 - 3).
1
Calculate -4 - (-2 - 0 - 1) - 2.
-3
What is 3 - ((-3 - -3) + 3 + -1)?
1
What is the value of 143 + -144 + (0 + 0 - 1)?
-2
What is the value of -1 + (-3 + -6 + 5 - 1)?
-6
What is the value of -5 + (-4 - -1) + 7?
-1
What is (4 - (6 + -3)) + 1 + -1?
1
Evaluate 8 - (8 - (-1 - -6 - 0)).
5
What is 0 + -5 + (4 - 1 - -2)?
0
What is 3 - (8 - (8 - 3))?
0
What is the value of (0 - -4) + 15 + -15?
4
Evaluate -4 - (-1 + 1 + 4).
-8
Evaluate (13 - 16) + (0 - -4).
1
Evaluate -11 + (10 - -5 - 4).
0
(0 - 5) + (-20 - -24)
-1
(-3 - -6) + (-4 - -6)
5
Evaluate (-3 - 1) + (-5 - -4).
-5
Calculate -5 + (4 - (4 - 4)).
-1
(20 - 17) + (-6 - 1) - -8
4
What is the value of 5 + 8 + -5 + -4 + 6?
10
Calculate (-11 - 2) + -32 + 45.
0
Calculate 0 + 11 + 6 + -9.
8
Evaluate -4 - (-5 + 4 + -2).
-1
What is (3 - (3 - -1)) + 4 - 4?
-1
10 + -8 + 13 + -7
8
What is the value of -2 - (3 - 0) - (-11 - -2)?
4
What is the value of 7 + -16 + 10 + -6?
-5
-4 + (4 - 2 - 1)
-3
-1 - 1 - -2 - -3 - -1
4
What is the value of (6 - 3) + (-4 - 0)?
-1
What is -17 + 18 + (4 - (-3 - -1))?
7
Calculate (2 - 4) + 3 - 5.
-4
Calculate 35 + -37 + (2 - 6).
-6
70 - 71 - (0 - -8)
-9
Calculate 3 + 0 - (3 + 2).
-2
Calculate -10 + (1 - (5 - 10 - 0)).
-4
Calculate (18 - 13) + -2 + -2.
1
What is the value of -2 + (-6 - 1) + 15?
6
What is (20 - (4 - 7)) + -12?
11
Calculate -6 - -22 - 11 - (11 + 0).
-6
What is 8 - (7 - 2) - (0 + 2)?
1
What is the value of 8 + -4 + (-2 - -3)?
5
Calculate -1 + (-10 - (4 - 12)).
-3
What is 1 + 0 + 9 + -5?
5
What is the value of 2 + 4 + 4 + -5?
5
Evaluate -13 + (4 - (2 + -5 + 1)).
-7
Calculate 27 + -23 - (1 + 4).
-1
Calculate -3 + (0 + 13 - (6 - 1)).
5
Calculate -4 - ((-4 - -7) + -3).
-4
-5 + 7 + -1 + (9 - 7)
3
-2 - -2 - (-10 + 10)
0
Evaluate -1 + -6 - -6 - 3 - -2.
-2
Evaluate -10 + (-4 + -1 - -10).
-5
Evaluate (-6 + 13 - 10) + 7.
4
Evaluate (-1 - 3 - (-2 - 1)) + 0.
-1
What is the value of (0 - 0) + (-4 - -2)?
-2
What is -4 + -6 + 3 + 2 + 7?
2
-7 + 3 + -4 + 2 - -1
-5
Calculate 0 - (3 - (5 + 2 + 3)).
7
(-1 - -4 - 2) + 3
4
Calculate -4 + (-15 - -10 - (0 + -19)).
10
Calculate (-3 - -1 - -3) + (4 - 0).
5
What is (5 - 7) + (1 + -1 - 2)?
-4
What is (-4 - -4) + (-6 - (6 - 5))?
-7
(15 - 3) + -12 + 0 + 0
0
Calculate -23 + 20 - ((1 - -1) + -5).
0
What is -2 + 0 + 1 + 4 + -2?
1
Calculate -4 - ((-5 - -6) + -4 - 2).
1
What is the value of -3 - (-16 + 5) - (-1 - -3)?
6
Evaluate -2 + -5 + 4 - (9 - 15).
3
What is 0 + 0 + 1 + 3?
4
What is 21 + -20 + (0 - 2)?
-1
What is the value of 2 + -2 - (-3 - -7)?
-4
What is the value of 2 + -5 + 8 - (0 + 0)?
5
Evaluate (0 - 6) + (3 - (10 - 12)).
-1
(-4 - 0 - (2 + -1)) + 0
-5
What is 19 + -29 - (-11 + 2)?
-1
Calculate 5 + -12 - -4 - -9.
6
Calculate -1 + 6 + -8 - -5.
2
Calculate (-1 - 1) + 0 + (-1 - 2).
-5
Calculate -2 - (-10 - -5 - -2).
1
Evaluate 7 + (1 + 0 + -3 - 7).
-2
Calculate (-4 - (2 + -4)) + 7.
5
Calculate -1 - -11 - 10 - 6.
-6
What is (7 - (-4 + 5)) + -18 + 9?
-3
What is (5 - 1) + (2 - 4)?
2
What is -7 + (15 - 6) + -4 + 4?
2
Evaluate (-1 - -6 - -1) + 1 - 3.
4
Evaluate 2 + (5 - (-1 - -6)) - 1.
1
What is the value of 11 - (-8 + -12 + 22)?
9
What is -32 - -32 - (1 + -4)?
3
Evaluate (2 - -2) + (-108 - -96).
-8
0 + (-5 - -8) + 0
3
Evaluate -5 + 8 - (7 + -3).
-1
What is (15 - 0) + -170 + 165?
10
1 - (-1 - -2) - (-40 - -45)
-5
What is 4 + (-5 - 0 - (-1 + 1))?
-1
Calculate (1 - -14) + (-6 - 15).
-6
Evaluate 8 - 2 - (-10 + (13 - -6)).
-3
3 + -1 + 1 - 5 - 2
-4
-6 + (-7 - -2 - -8)
-3
What is the value of 509 - 507 - (-1 - 0 - 4)?
7
What is -3 - (-5 + 8 + -2)?
-4
Evaluate (-1 - -2) + (5 - 13 - -5).
-2
0 - (-2 + -3 - -3)
2
Evaluate -17 + 21 + (5 - 17).
-8
Evaluate -4 - (-11 - -2 - -5).
0
Evaluate 1 + 2 - (-1 - -1).
3
What is -2 + (-2 - -8) + -3?
1
15 - (7 + (2 - -4))
2
What is the value of -13 - (11 + -12 - 5)?
-7
What is -7 + 2 + -5 + 1?
-9
Evaluate -3 + (-3 - (-5 + 3)).
-4
Calculate (2 - 0) + 8 + 1 + -14.
-3
Calculate 5 + 5 + (-2 - 8).
0
-5 + 2 + (-1 - -1 - 0)
-3
What is the value of 10 - (-3 - (-6 + -5))?
2
Calculate 6 - (2 - -6 - 4) - 12.
-10
What is the value of 2 - 5 - (2 - 7 - 0)?
2
Evaluate -2 + 9 - (21 - 15).
1
(-1 - (1 - -1)) + 3
0
What is the value of 3 + -6 - (-3 - (3 + 2))?
5
-2 + -1 + 0 + 7 + -3
1
Evaluate -10 + 9 - 6 - 2.
-9
Calculate -5 + 20 + -12 - 3.
0
Evaluate 4 - -2 - (9 - 8).
5
8 + 0 + -10 + -1
-3
What is 6 - (19 - 7) - 4 - -6?
-4
(-7 - -12) + (-6 - 1) - 2
-4
11 + -22 + -3 + 13
-1
What is -2 + (18 - (-5 - -11))?
10
Evaluate -5 - -9 - 4 - -3.
3
What is 12 + -5 - 6 - (-1 - -6)?
-4
(-1 - -15) + (-21 - -14)
7
What is -2 + (2 + 2 + -2 - -1)?
1
What is the value of 1 - (2 + -3) - (-4 + 2)?
4
What is the value of -2 + (-2 - -1) - (29 - 36)?
4
What is (4 - (3 - 8)) + -6?
3
Calculate 5 + (6 - 10) - -4.
5
Calculate -1 + -6 - -6 - (5 - 0).
-6
1 - 2 - (-9 - 4 - -7)
5
(0 - 1) + 4 - 5
-2
What is (0 - -7) + (1 - 4) - 5?
-1
What is the value of 8 - 10 - (0 + 0)?
-2
Calculate -9 - (-8 - -4) - -6.
1
Calculate 0 - ((-4 - -1) + 7) - -2.
-2
What is the value of (0 - 0) + (-2 - 1)?
-3
Calculate 0 + (-2 - -2 - -1) + -6.
-5
Calculate (-12 - -8) + (6 - 3) + 0.
-1
Calculate -2 + -2 - -5 - (-8 - -10).
-1
What is the value of -8 - (-8 - (3 - 8) - 1)?
-4
What is 4 - ((2 - 0) + -2)?
4
Evaluate (-1 - 20) + (-33 - -47).
-7
Calculate 14 - (14 + -9) - (1 - -4).
4
What is -117 + 111 - (-1 + -10)?
5
What is the value of (-2 - -7) + -8 - -6?
3
Calculate (29 - 33 - (1 - 1)) + 7.
3
What is 2 + -1 + 1 + 2 + -5?
-1
Calculate -3 + (0 - -3 - (-3 - 3)).
6
What is -7 + (9 - (1 + 7))?
-6
What is the value of (1 - -8) + -66 + 55?
-2
-8 + 20 + -9 - 5
-2
Calculate -11 + 0 + -9 + 9 + 5.
-6
Calculate -3 - (8 + -17) - 7.
-1
Evaluate 2 + (0 - -1) + 0.
3
(4 + -5 - 0) + -1 + 1
-1
-9 + 5 - -10 - 6
0
What is the value of 0 - (3 + (0 - 3) + -4)?
4
Calculate 10 + -2 + -5 + -1.
2
What is (3 - 1) + (4 - 5)?
1
What is the value of 0 + 2 + 2 + (-1 - 2)